{"id":1379,"date":"2012-08-14T17:59:56","date_gmt":"2012-08-14T22:59:56","guid":{"rendered":"http:\/\/jenzera.org\/web\/?page_id=1379"},"modified":"2012-08-15T02:43:34","modified_gmt":"2012-08-15T07:43:34","slug":"mision","status":"publish","type":"page","link":"http:\/\/jenzera.org\/?page_id=1379","title":{"rendered":"Misi\u00f3n"},"content":{"rendered":"<p>Por medio del fomento de procesos de investigaci\u00f3n y acci\u00f3n pol\u00edtica, del apoyo a procesos comunitarios en defensa de los territorios colectivos, del fortalecimiento de gobiernos propios y del desarrollo de una econom\u00eda autogestionaria, el Colectivo de Trabajo Jenzera busca fortalecer las capacidades propias de las organizaciones de los pueblos ind\u00edgenas, afrocolombianos y campesinos para decidir aut\u00f3nomamente sobre su vida social, pol\u00edtica y econ\u00f3mica. Jenzera aspira que por medio de las herramientas te\u00f3ricas y pr\u00e1cticas que ofrece, las comunidades construyan alternativas de vida solidarias con todas las expresiones de vida biol\u00f3gica y cultural. En tal sentido una se\u00f1al caracter\u00edstica de Jenzera es que agencia pol\u00edticas de respeto a los derechos humanos, la equidad de g\u00e9nero y el desarrollo de relaciones interculturales, para fortalecer espacios de convivencia inter\u00e9tnica, que por naturaleza son una apuesta en favor de la vida y una resistencia a la violencia.<\/p>\n","protected":false},"excerpt":{"rendered":"<p>Por medio del fomento de procesos de investigaci\u00f3n y acci\u00f3n pol\u00edtica, del apoyo a procesos comunitarios en defensa de los territorios colectivos, del fortalecimiento de gobiernos propios y del desarrollo de una econom\u00eda autogestionaria, el Colectivo de Trabajo Jenzera busca &hellip; <a href=\"http:\/\/jenzera.org\/?page_id=1379\">Continue reading <span class=\"meta-nav\">&rarr;<\/span><\/a><\/p>\n","protected":false},"author":1,"featured_media":0,"parent":1356,"menu_order":0,"comment_status":"closed","ping_status":"open","template":"","meta":[],"_links":{"self":[{"href":"http:\/\/jenzera.org\/index.php?rest_route=\/wp\/v2\/pages\/1379"}],"collection":[{"href":"http:\/\/jenzera.org\/index.php?rest_route=\/wp\/v2\/pages"}],"about":[{"href":"http:\/\/jenzera.org\/index.php?rest_route=\/wp\/v2\/types\/page"}],"author":[{"embeddable":true,"href":"http:\/\/jenzera.org\/index.php?rest_route=\/wp\/v2\/users\/1"}],"replies":[{"embeddable":true,"href":"http:\/\/jenzera.org\/index.php?rest_route=%2Fwp%2Fv2%2Fcomments&post=1379"}],"version-history":[{"count":6,"href":"http:\/\/jenzera.org\/index.php?rest_route=\/wp\/v2\/pages\/1379\/revisions"}],"predecessor-version":[{"id":1381,"href":"http:\/\/jenzera.org\/index.php?rest_route=\/wp\/v2\/pages\/1379\/revisions\/1381"}],"up":[{"embeddable":true,"href":"http:\/\/jenzera.org\/index.php?rest_route=\/wp\/v2\/pages\/1356"}],"wp:attachment":[{"href":"http:\/\/jenzera.org\/index.php?rest_route=%2Fwp%2Fv2%2Fmedia&parent=1379"}],"curies":[{"name":"wp","href":"https:\/\/api.w.org\/{rel}","templated":true}]}}